*f - 16965 = 0. Is -7 + f + 6 + -3 composite?
False
Let y(d) = 1733*d + 1240. Is y(43) a prime number?
False
Suppose 4*w = -5*o - 3564, 3*o + 1722 = -3*w - 954. Let v = w - -2647. Is v composite?
True
Let o = -50 + 72. Suppose -2*h - 4*v + o = 0, 2*h = -2*h + 5*v + 5. Suppose -3*q - 1367 = -h*z, -5 = -7*q + 2*q. Is z composite?
True
Suppose 839104 + 27513017 = 74*n + 1931827. Is n a composite number?
False
Let k(w) = 72*w**2 - w + 3. Suppose 0 = 6*g - 22*g - 5280. Let n be (-5)/2*(-11)/(g/(-48)). Is k(n) composite?
False
Suppose 2*x + x + 8 = -h, -3*x = 3*h. Is -3 + (x/(-2) - 0)*14504 a prime number?
False
Suppose -37*y + 3*y + 94503 + 40783 = 0. Is y composite?
True
Let j(u) = -u**3 + 9*u**2 + 6*u + 29. Let w be j(10). Is 10 + w + (2 - -570) a prime number?
True
Suppose 4*a - 9*a = -6010. Let c = a + 1517. Is c a composite number?
False
Let z(k) = -k**3 + 127*k**2 + 71*k + 5. Is z(86) a prime number?
False
Suppose 583*g = 652*g - 15462969. Is g a prime number?
True
Suppose 109*p - 6443995 = 27512448. Is p a prime number?
False
Let w(s) = -1548*s + 1321. Is w(-9) a prime number?
False
Suppose p - 2*p - 20 = -5*q, 2*p = 2*q - 16. Suppose -2*v + 13637 = q*w - 8182, 0 = 4*v. Is w composite?
True
Suppose 2*w = 5106 - 22800. Let h = w - -15608. Is h a composite number?
False
Let y = -71 + 132. Suppose -y*p - 18008 = -69*p. Is p prime?
True
Let z = -1215792 + 2179273. Is z a prime number?
True
Suppose -5*t - 10 = -5*r, 6 = -8*t + 4*t + 2*r. Let v be 3*t + (-1 - -1). Is (-4617)/(v - 0) + -4 a composite number?
True
Suppose 5*l - 1559801 + 5498511 = 3*y, -4*l + 1312943 = y. Is y a prime number?
False
Suppose -3*o + 3*l + 1734 = 0, 1924 = 5*o + 5*l - 1016. Is o a composite number?
True
Let h = 57 + -1. Suppose 18*q = 4*q - h. Is (-6028)/q - ((-1 - 1) + -2) a prime number?
True
Suppose f - 7709 = z, -2668*f - 5*z + 23191 = -2665*f. Is f a composite number?
False
Let z = -387 + 1864. Let r(o) = o**2 + 10*o + 2. Let q be r(-10). Suppose g + g = 5*w + 585, -q*w = 5*g - z. Is g composite?
True
Suppose -3*q + 4*m + 1292405 = 0, -5*m = 3*q - 1380983 + 88596. Is q prime?
True
Let o(k) = 437*k + 37 + 32 + 26 + 21 - 80*k. Is o(5) composite?
False
Suppose -7*g + 2193661 = 2*t - 252298, -g - 4*t + 349419 = 0. Is g a prime number?
True
Suppose -2*r + 311218 = 4*n, -2*r + 311218 = -23*n + 19*n. Is r a composite number?
False
Suppose -521*y + 505*y + 371568 = 0. Is y a composite number?
True
Let j = 743 - -186. Let l = j - 408. Is l a composite number?
False
Let v(x) = -x + 9. Let i be v(-12). Let y be -4 + 0 + 23751/i. Let z = -656 + y. Is z a prime number?
False
Let o(h) = 3*h**2 - 65*h - 22. Let r be o(22). Suppose -5*a + a + 2*m + 134360 = r, 0 = a + 2*m - 33595. Is a a prime number?
False
Suppose -143*d + 134*d + 1777563 = 0. Is d a prime number?
True
Let o be (1 - (-5)/(-10))*(-1 + 7). Is o/4 + (-313)/(-4) a composite number?
False
Let d = -50310 + 72499. Is d composite?
False
Let p(y) = 46*y + 29. Let i(h) = 9*h**2 - 3*h - 4. Let a be i(-1). Is p(a) prime?
True
Let r(q) = -11215*q - 2637. Is r(-88) a prime number?
False
Let q(d) = -6*d**3 - 2*d**2 + 27*d + 16. Let t be q(-21). Suppose 0 = 3*s - b - 40608, t = 4*s - 2*b - 3*b. Is s a composite number?
False
Suppose -2*i - 7*i + 15*i = 27042. Is i prime?
True
Let s = -183691 - -259818. Is s composite?
True
Let m(r) = 808*r**2 + 6*r + 3. Let o(x) = 2*x**3 - 36*x**2 - 41*x + 55. Let u be o(19). Is m(u) a prime number?
False
Let l(i) = -67*i**3 - 3*i**2 + 19*i + 31. Let w be (0 + (-6)/5)*5. Is l(w) composite?
False
Let q(g) = 3253*g**2 + 75*g + 1081. Is q(-12) prime?
True
Suppose -2*k + 29067 = a, -153*a + 152*a = 3*k - 29071. Is a prime?
True
Let g be 4 + 18/1 - 1. Suppose 0*q = 7*q - g. Suppose 4*x - 4915 = -b, q*x + 169 = 4*b + 3860. Is x a prime number?
True
Let a = 9370 + -16620. Let f be a/(-26) + 2/13. Suppose -2172 + f = -3*l. Is l a prime number?
True
Let k(q) = 4*q**2 + 17*q - 38. Let j(z) = -z - 1. Let v(d) = 6*j(d) + k(d). Is v(10) a composite number?
True
Suppose -2*b = -18*x + 14*x - 2, -4*x + 4 = 0. Let g = -3 + 3. Suppose g = -7*f + b*f + 1276. Is f composite?
True
Let f be 136/1*(-243)/(-108). Suppose f = -3*t + 2067. Is t prime?
True
Let v = 633 - 630. Suppose 4*c - 4929 = -3*j, -v*c = 3*j - 4*j + 1630. Is j composite?
True
Suppose 2*q = 0, 5*v - 5*q - 48385 = 3670. Let r = v - 6840. Is r a composite number?
False
Suppose 2*t = 2*s + 1052100, 0 = 2*t - s - 1172024 + 119925. Is t composite?
False
Suppose -4*u - 3*y - 39 = 0, 9 = 2*u + y + 28. Let p be ((-15)/u)/(2/12). Suppose -6*x - 136 = -p*x. Is x a composite number?
True
Let q(o) = -791*o**3 - o**2 - 3*o - 3. Let j be q(-1). Let f = 1693 - j. Suppose 9*b = 12*b - f. Is b a prime number?
False
Let c be 10/12 + (-85)/(-6). Suppose 0 = -3*x + c, -2*x + 7*x = 5*l - 5460. Is l prime?
True
Suppose 36*z - 3498632 = -88*z + 7247580. Is z prime?
False
Let m = -4 + 6. Is m/(((-72)/11922)/(-6)) a composite number?
False
Let b(z) = -4*z + 102. Let r be b(24). Is (-370)/(r + -11) - 5 composite?
True
Let a = 8279 - 3898. Let h = -575 - -575. Suppose h = -w - w + 5*z + 1744, -2*z = -5*w + a. Is w prime?
True
Let s = 19 + -16. Suppose -1 = -n - 0*n, -4*c - s*n - 205 = 0. Let m = 63 - c. Is m composite?
True
Suppose 2*y + 4*d = 3*d + 3, 3*d + 18 = 3*y. Suppose -2*k - y*q + 12 = k, 0 = -5*q + 5. Suppose 3*v = -3*p - 2*p + 980, -4*p = k*v - 781. Is p a prime number?
True
Is (3*4)/(14 - 16) + (-7289)/(-1) composite?
False
Let u = 552 - -2267. Is u a composite number?
False
Let s be 8/(-10)*((-45)/(-10) - 7). Suppose s*p = -4*r + 3072, 3 = -5*p + 13. Is r prime?
False
Let m(v) = 82*v + 3. Let f(q) = 159*q + 5. Let o(y) = -y. Let k(z) = -f(z) + 4*o(z). Let c(r) = -6*k(r) - 11*m(r). Is c(2) composite?
False
Let w(q) = 119*q**2 + 18*q + 16. Let j(n) = -2*n**3 - 19*n**2 + 11*n + 1. Let u be j(-10). Is w(u) a composite number?
True
Suppose 0 = -209*i - 2107150 + 46600533. Is i a prime number?
False
Let q = -14770 - -22762. Suppose -q - 717 = -5*a + 4*j, a = 3*j + 1733. Let n = a - 1224. Is n composite?
False
Suppose 2*q + 7614 = -2378. Let l be q/12*-3 - 3. Let b = 2539 - l. Is b composite?
True
Let z = -3135438 + 5132519. Is z a composite number?
False
Let t(q) = 7*q**2 - 180*q + 73. Is t(32) composite?
False
Let o be 2*1/4 + 1395/62. Let s be (o/(-2))/(11/22). Is 1*-3 + 869 + s a composite number?
True
Suppose 4*f + 3 = 7. Let o be (14 + -3)*(0 + f). Let v(x) = x**2 + 36*x + 12. Is v(o) prime?
False
Is (140/56*32404/5)/((-4)/(-86)) a prime number?
False
Let z(y) be the first derivative of -y**4/4 - 2*y**3 - 9*y**2/2 - y + 9. Is z(-9) prime?
False
Suppose -75*k - 35*k + 2386119 = -k. Is k a prime number?
False
Let w(d) = 2*d**3 + 46*d**2 + d + 183. Is w(-14) a composite number?
False
Let i(t) = t**3 + 14*t**2 + 9*t + 2. Let p = -19 + 7. Let d be i(p). Suppose -n = 6*n - d. Is n prime?
False
Let a = 45666 - 1313. Is a prime?
False
Let w = 10424 + 3198. Let d = w - -4419. Is d a prime number?
True
Let d be ((-2)/4 - -1) + (-155550)/20. Let i = d + 27996. Is i a composite number?
False
Let k = 9 - 4. Let b(f) = -4*f**3 - 8*f**2 + 35*f + 14. Let u be b(-4). Suppose 3*s - 2*m - 237 = 766, -k*s - u*m + 1677 = 0. Is s prime?
False
Let g(p) = -2*p**2 - 25*p + 57. Let w be g(23). Let r = w - -4625. Is r a composite number?
False
Let f be 11354 - ((-24)/4)/(-6). Is 22/(-11) + f + -1 - -1 a prime number?
True
Let o be (2 - 7)/5*3. Let w(u) = -3*u - 7. Let z be w(o). Is z/(500/(-251) + 2) a composite number?
False
Suppose -15*t = 3*t. Suppose 3*r + t*r = -3, -3*o = -5*r - 800. Is o a prime number?
False
Let d(w) = 451*w**2 - 18*w + 299. Is d(10) prime?
False
Suppose 145989 = 2*u - h, -5*u + 2*u + h = -218986. Is u a prime number?
True
Suppose -10*h = -15*h + 245. Let u = 50 - h. Suppose -i = 4 + u, 4*y = 5*i + 5493. Is y prime?
True
Let m be 12/2*12/18. Suppose -m*b = 3*b. Suppose 3*k - 3*o - 4665 = 0, 2*k - 3102 = -b*k + 4*o. Is k a composite number?
False
Let s(n) = 10007*n - 40. Let w = -230 - -231. Is s(w) composite?
False
Let t(v) = 3390*v**2 + 29*v + 133. Is t(-6) prime?
False
Let l(d) = -144*d**3 + 2*d**2 - 15*d - 6. Suppose 121 = -4*t + 101. Is l(t) a composite number?
False
Suppose 5*w - 2*y - 288276 = 306179, -w + y = -118894. Is w a composite number?
True
Suppose 0